*w - 9405 + 30451 = 0. Let t = w - 314. What are the prime factors of t?
5, 61
Let q(p) = -p**3 - 10*p**2 - 5. Let c be q(-5). Let y = c + 102. List the prime factors of y/3*60/(-40).
2, 7
Suppose 2*o + 0*o - 10 = 0. Let m be 0 - (-319)/1 - (-9)/9. Suppose o*j - 5*p = m, 5*p + 71 = 2*j - 66. What are the prime factors of j?
61
Let u = 51934 + -30959. What are the prime factors of u?
5, 839
Suppose 25*r + 156 = 29*r. Let j = r - 48. What are the prime factors of (-12)/j*(-387)/(-6)?
2, 43
Let c = 235 - 159. Suppose a - 23 = c. What are the prime factors of a?
3, 11
Let r(w) = 70*w - 16. Let f be r(4). Suppose 0*h = -11*h + f. What are the prime factors of 2020/h - 2/12?
2, 3, 7
Let p be 1 + (-2)/(-2) - -1. Suppose -2*d - p*u + 1327 = 3*d, u - 1319 = -5*d. Let s = -103 + d. What are the prime factors of s?
2, 5
Suppose -4*a = -81 - 95. Suppose -18*d + 16*d = -a. Let z = 38 - d. List the prime factors of z.
2
Let g(n) be the third derivative of n**5/15 - n**4/8 + 11*n**3 + 2*n**2 + 40. What are the prime factors of g(-9)?
3, 139
Let s(g) = -g**3 - 8*g**2 + 12*g + 35. Let c be s(-9). Let j be c/(-1) + -1 + 0 + 3. List the prime factors of (-25)/(j/(-9) - (0 + 1)).
3, 5
Let f = 13258 - 10602. What are the prime factors of f?
2, 83
Let u = 29 + -1. Suppose 3*i - 269 + u = -5*v, 0 = -2*i - 6. Let m = v - 39. What are the prime factors of m?
11
Let s(p) = -p**3 + 12*p**2 - 6*p + 9. Let w be s(14). Let r = 856 + w. List the prime factors of r.
389
Suppose -2*c = -6, -37 = -w - 0*c - 2*c. Suppose -33*b = -w*b - 1126. What are the prime factors of b?
563
Let j = 771 - 427. Suppose j = -4*v - 440. Let b = 275 + v. List the prime factors of b.
79
Let c(k) = k**3 + k**2 - 1. Let h be c(-1). Let g be 343 - -4*h/1. Suppose 26*d - 29*d + g = 0. List the prime factors of d.
113
Suppose 88*y - 19*y - 181702 = 35303. What are the prime factors of y?
5, 17, 37
Suppose 61 - 13 = 12*x. Suppose -1016 = -x*f + 4*g, -2*g - 1 = -3. What are the prime factors of f?
3, 5, 17
Suppose -1600640 = 115*h - 443*h. List the prime factors of h.
2, 5, 61
Let z(u) = 15*u + 6. Let l be z(-1). Let w be (456 - 2)/1*l/18. Let g = w + 429. List the prime factors of g.
2, 101
What are the prime factors of -6 + (19*(-10718)/(-8) - (-3)/4)?
2, 5, 509
Suppose -171 = -6*h + 1845. Let u = 600 - h. What are the prime factors of u?
2, 3, 11
Let u(q) be the first derivative of -4*q**3/3 + 37*q**2/2 - 2*q + 19. What are the prime factors of u(9)?
7
Let q be 3 + 4*22/4. Suppose 6*l - q = -7. Suppose 11*i - 768 = l*i. List the prime factors of i.
2, 3
Let v = -6 + 4. Let f = -10876 - -10883. What are the prime factors of (v*f)/(111/39 + -3)?
7, 13
Let b(c) = -4488*c - 5760. List the prime factors of b(-9).
2, 3, 13, 37
Suppose 2*r + 7*v - 9228 = 3*v, 4619 = r + 3*v. List the prime factors of r.
2, 1151
Let k(l) = -23*l**2 + l + 2. Let h be k(2). Let u = -1353 + 1449. Let i = u + h. List the prime factors of i.
2
Let p = -299 + 253. Let d = p - -922. List the prime factors of d.
2, 3, 73
Let n(l) = 7371*l - 3357. What are the prime factors of n(3)?
2, 3, 521
Let g(p) = 4*p**2 + 117*p + 114*p - 227*p - 43 - 11*p**2. Let n(a) = 8*a**2 - 3*a + 44. Let l(z) = -7*g(z) - 6*n(z). List the prime factors of l(7).
2
Let d(t) = 39*t + 95*t - 43*t + 105*t - 72. What are the prime factors of d(4)?
2, 89
Suppose -6*b + 16812 = -5238. List the prime factors of b.
3, 5, 7
Let a(c) = -186*c - 59. Let r(f) = 50*f + 194. Let b be r(-4). List the prime factors of a(b).
7, 151
Suppose 0 = -5*i + 35 - 55. Let m be (i/(-5))/(3/((-660)/8)). Let w(g) = -g**3 - 23*g**2 - 28*g - 32. What are the prime factors of w(m)?
2, 5
Suppose -4*q = 2*q - 12. Suppose 12*h + 4*n = 11*h - 2, 2*n = -q*h + 8. Suppose 0 = -4*f - h*f + 20. What are the prime factors of f?
2
List the prime factors of (-5170)/(-5) - (38 - 30).
2, 3, 19
Let w be -3 + ((-1510)/(-3) - 11/33). Suppose 21*x + w = 25*x. List the prime factors of x.
5
Suppose 1483 = x - 3*y, -4*y = 10*x - 9*x - 1504. Suppose -2*s - 14*q + 16*q = -x, q = 5*s - 3710. What are the prime factors of s?
3, 13, 19
Let g(x) = 4*x**2 + 3*x - 26. Let w be g(6). Let q = w - -606. List the prime factors of q.
2, 7, 53
Let g be (14 + -8)*((-107)/(-3) + 0). Suppose 4*n + n = -j - 14, -5*n - 3*j = 22. List the prime factors of n/(2/g*-2).
107
Let a = 53 + -53. Suppose a = -4*b + 69 + 551. What are the prime factors of b?
5, 31
Let v(i) = -i**3 + i + 4. Let p be v(0). Suppose 3*l = 3*c + 69, 2*c - p*c + l - 46 = 0. Let w = c - -31. What are the prime factors of w?
2
Let h(v) = -1011*v + 7*v**2 - 15*v**3 + 504*v - 8 + 503*v. List the prime factors of h(-3).
2, 59
Let s(g) = g**3 + 12*g**2 - 3*g - 28. Let a be s(-12). Suppose a*j - 1553 - 159 = 0. What are the prime factors of j?
2, 107
Let c(s) = -s**3 - 3*s**2 + 8*s + 20. Let m be c(-4). Suppose m*n - 3*h = 3189, n + 3*h - 214 = 572. What are the prime factors of n?
3, 5, 53
Let p be 28/6 - 4/(-12). Suppose -z = 5*u - 908, -p*z = -5*u + 475 + 415. List the prime factors of u.
181
Let c(x) = x**2 + 22*x + 120. Let y be c(-14). Suppose 76 + y = f. What are the prime factors of f?
2, 3, 7
Suppose -3*t + 2*t = 2*f - 23196, 5*t - 23212 = -2*f. What are the prime factors of f?
2, 13, 223
Let h(p) = 3*p + 61. Let s be h(-19). Suppose s*m = 9*m - 135. Suppose 2*x = -m + 39. What are the prime factors of x?
2, 3
Let j = 215 + -68. Let t be (-25)/10 + 69/6 + -1. Suppose -t*g = -9*g + j. List the prime factors of g.
3, 7
Let r be -2 + ((-202)/8)/(4/(-16)). Suppose 95*x = r*x - 888. What are the prime factors of x?
2, 3, 37
Suppose -3*f - 30 - 57 = -4*l, 0 = -2*f + 6. Suppose -l = -13*g + 5*g. Suppose -3*k + 323 = k - 5*d, 228 = g*k + d. What are the prime factors of k?
7, 11
Let f(b) = -18*b**3 + 4*b**2 + 5*b + 16. Let l be f(-3). Let k = l - 132. What are the prime factors of k?
17, 23
List the prime factors of -99*9*(22/(-44) + 9/(-2)).
3, 5, 11
Let v(c) = 5*c - 34. Let h(r) = -6. Let o(t) = 3*h(t) - v(t). Suppose 0 = 3*z + 52 + 5. List the prime factors of o(z).
3, 37
Let f = 13 - -11. Let o(j) = 21 + 9*j + 7*j - 13*j. List the prime factors of o(f).
3, 31
Suppose 19*q = 22*q - 9. Suppose -v + 238 = -3*c, -3*v + q*c + 659 = 5*c. Let m = 328 - v. What are the prime factors of m?
3, 5, 7
Let v = -4008 - -5839. List the prime factors of v.
1831
Suppose 189 = 6*f - 729. Suppose 3*c - 4*c + 63 = -4*o, -o = 2*c - f. Suppose c = h - 15. List the prime factors of h.
2, 3, 5
Suppose 70860 = 16*z - 12*z + h, 2*h = -2*z + 35424. List the prime factors of z.
2, 43, 103
Let u(y) = -24*y**3 - 17*y**2 - 24*y + 3. Let c(f) = 47*f**3 + 34*f**2 + 47*f - 6. Let r(x) = -6*c(x) - 11*u(x). What are the prime factors of r(-4)?
5, 191
Let d = 19299 - 11049. List the prime factors of d.
2, 3, 5, 11
Suppose -304*a = -303*a - 3714. List the prime factors of a.
2, 3, 619
Suppose -59*g + 20688 = 129*g - 140*g. List the prime factors of g.
431
What are the prime factors of (-79535460)/(-3355) - (-12)/(-22)?
2, 3, 439
Let b = 17930 - 12725. What are the prime factors of b?
3, 5, 347
Let z be (8/3 + -2)*(-9 + 24). Let f be 206/(-6) - (-2 + z/6). Let h = 92 + f. List the prime factors of h.
2, 29
Let g(f) = -f**3 - 40*f**2 - 51*f + 65. Let j be g(-38). Let v = j + 1448. What are the prime factors of v?
563
Let y = 0 - -4. Suppose -18*c + 6720 = -y*c. What are the prime factors of c?
2, 3, 5
Let p(h) = h**3 - 9*h**2 + 172*h - 129. What are the prime factors of p(39)?
3, 5801
Let a(n) = n**2 + 97*n - 127. List the prime factors of a(18).
29, 67
Suppose b = -y + 9, -2*b + 0 - 3 = -y. Let f = 15 - -13. Suppose -y*r = -280 - f. List the prime factors of r.
2, 11
Let h = -51 - -54. Suppose 12 = 3*t - h, -4*m + 7295 = -5*t. Suppose -5*q + m = 5*q. What are the prime factors of q?
3, 61
Let y(d) = 17 - 27*d + 41 + 82*d. What are the prime factors of y(5)?
3, 37
Suppose -7*l + 2*l - 9 = v, v = 4*l. What are the prime factors of v/(-7) - (-1900)/7?
2, 17
Let z be 8/7 - 1/7 - -1. Suppose 0 = -t + 2*l - 2, z = -l - 3. List the prime factors of 1*(29/(-3))/(2/t).
2, 29
Let a be 10/12*-8*(-30)/20. Let u(n) = -15 - 8 + 5 - 6 - a*n. What are the prime factors of u(-12)?
2, 3
Let z(g) = -3*g - 21. Let i be z(-8). Suppose 8*y = i*y + 1565. What are the prime factors of y?
313
Let h(c) = -8*c - 6. Let y(l